{"id":87,"date":"2021-10-24T11:53:04","date_gmt":"2021-10-24T09:53:04","guid":{"rendered":"https:\/\/brasseriedesoignies.be\/?page_id=87"},"modified":"2022-07-03T08:50:48","modified_gmt":"2022-07-03T06:50:48","slug":"la-carabibipils-2","status":"publish","type":"page","link":"https:\/\/brasseriedesoignies.be\/index.php\/la-carabibipils-2\/","title":{"rendered":"La Carabibi&rsquo;Pils"},"content":{"rendered":"\n<p> La Carabibis&rsquo;Pils est  une \u00ab\u00a0pils au caramel\u00a0\u00bb \u00e0 4,7% alc. confectionn\u00e9e avec des \u00abCarabibis\u00bb, ces succulentes babeluttes caram\u00e9lis\u00e9es typiques de Soignies.  Cette bi\u00e8re de type lager (bi\u00e8re de fermentation basse) est douce et rafraichissante.  <\/p>\n\n\n\n<figure class=\"wp-block-image size-full\"><img loading=\"lazy\" width=\"720\" height=\"720\" src=\"https:\/\/brasseriedesoignies.be\/wp-content\/uploads\/2022\/07\/rond-carabibi.png\" alt=\"\" class=\"wp-image-106\" srcset=\"https:\/\/brasseriedesoignies.be\/wp-content\/uploads\/2022\/07\/rond-carabibi.png 720w, https:\/\/brasseriedesoignies.be\/wp-content\/uploads\/2022\/07\/rond-carabibi-300x300.png 300w, https:\/\/brasseriedesoignies.be\/wp-content\/uploads\/2022\/07\/rond-carabibi-150x150.png 150w, https:\/\/brasseriedesoignies.be\/wp-content\/uploads\/2022\/07\/rond-carabibi-100x100.png 100w\" sizes=\"(max-width: 720px) 100vw, 720px\" \/><\/figure>\n\n\n\n<figure class=\"wp-block-image size-large\"><img loading=\"lazy\" width=\"1024\" height=\"614\" src=\"https:\/\/brasseriedesoignies.be\/wp-content\/uploads\/2021\/10\/Soignies_Carabipils-33cl-v3-1024x614.jpg\" alt=\"\" class=\"wp-image-54\" srcset=\"https:\/\/brasseriedesoignies.be\/wp-content\/uploads\/2021\/10\/Soignies_Carabipils-33cl-v3-1024x614.jpg 1024w, https:\/\/brasseriedesoignies.be\/wp-content\/uploads\/2021\/10\/Soignies_Carabipils-33cl-v3-300x180.jpg 300w, https:\/\/brasseriedesoignies.be\/wp-content\/uploads\/2021\/10\/Soignies_Carabipils-33cl-v3-768x461.jpg 768w, https:\/\/brasseriedesoignies.be\/wp-content\/uploads\/2021\/10\/Soignies_Carabipils-33cl-v3.jpg 1500w\" sizes=\"(max-width: 767px) 89vw, (max-width: 1000px) 54vw, (max-width: 1071px) 543px, 580px\" \/><\/figure>\n\n\n\n<p><strong>La petite histoire<\/strong><\/p>\n\n\n\n<p>Les  \u00ab\u00a0Carabibis\u00a0\u00bb  sont distribu\u00e9s \u00e0 la foule par le personnage de \u00ab\u00a0Mononk Simp\u00e9lourd\u00a0\u00bb lors de la f\u00eate traditionnelle du m\u00eame nom qui a lieu la veille du 3e dimanche d\u2019octobre.<\/p>\n\n\n\n<p>Plusieurs versions existent quant aux origines du personnage de Mononk Simp\u00e9lourd. La plus connue est celle d&rsquo;un homme tromp\u00e9 par sa femme qui fit l&rsquo;objet de moqueries des habitants de la ville. Le nom \u00ab\u00a0Simp\u00e9lourd\u00a0\u00bb vient de la contraction de \u00ab\u00a0Simple\u00a0\u00bb et \u00ab\u00a0Lourd\u00a0\u00bb.<\/p>\n\n\n\n<p><strong>Collaboration<\/strong><\/p>\n\n\n\n<p>Cette bi\u00e8re est issue d&rsquo;une collaboration avec la <a href=\"https:\/\/patisserie-helin-commande.be\/\" target=\"_blank\" rel=\"noreferrer noopener\">Boulangerie P\u00e2tisserie Helin<\/a>, dernier fabricant de Carabibis \u00e0 Soignies.<\/p>\n","protected":false},"excerpt":{"rendered":"<p>La Carabibis&rsquo;Pils est une \u00ab\u00a0pils au caramel\u00a0\u00bb \u00e0 4,7% alc. confectionn\u00e9e avec des \u00abCarabibis\u00bb, ces succulentes babeluttes caram\u00e9lis\u00e9es typiques de Soignies. Cette bi\u00e8re de type lager (bi\u00e8re de fermentation basse) est douce et rafraichissante. La petite histoire Les \u00ab\u00a0Carabibis\u00a0\u00bb sont distribu\u00e9s \u00e0 la foule par le personnage de \u00ab\u00a0Mononk Simp\u00e9lourd\u00a0\u00bb lors de la f\u00eate traditionnelle &hellip; <\/p>\n<p class=\"link-more\"><a href=\"https:\/\/brasseriedesoignies.be\/index.php\/la-carabibipils-2\/\" class=\"more-link\">Continuer la lecture<span class=\"screen-reader-text\"> de &laquo;&nbsp;La Carabibi&rsquo;Pils&nbsp;&raquo;<\/span><\/a><\/p>\n","protected":false},"author":1,"featured_media":0,"parent":0,"menu_order":0,"comment_status":"closed","ping_status":"closed","template":"","meta":[],"yoast_head":"<!-- This site is optimized with the Yoast SEO plugin v19.3 - https:\/\/yoast.com\/wordpress\/plugins\/seo\/ -->\n<title>La Carabibi&#039;Pils - Brasserie de Soignies<\/title>\n<meta name=\"robots\" content=\"index, follow, max-snippet:-1, max-image-preview:large, max-video-preview:-1\" \/>\n<link rel=\"canonical\" href=\"https:\/\/brasseriedesoignies.be\/index.php\/la-carabibipils-2\/\" \/>\n<meta property=\"og:locale\" content=\"fr_FR\" \/>\n<meta property=\"og:type\" content=\"article\" \/>\n<meta property=\"og:title\" content=\"La Carabibi&#039;Pils - Brasserie de Soignies\" \/>\n<meta property=\"og:description\" content=\"La Carabibis&rsquo;Pils est une \u00ab\u00a0pils au caramel\u00a0\u00bb \u00e0 4,7% alc. confectionn\u00e9e avec des \u00abCarabibis\u00bb, ces succulentes babeluttes caram\u00e9lis\u00e9es typiques de Soignies. Cette bi\u00e8re de type lager (bi\u00e8re de fermentation basse) est douce et rafraichissante. La petite histoire Les \u00ab\u00a0Carabibis\u00a0\u00bb sont distribu\u00e9s \u00e0 la foule par le personnage de \u00ab\u00a0Mononk Simp\u00e9lourd\u00a0\u00bb lors de la f\u00eate traditionnelle &hellip; Continuer la lecture de &laquo;&nbsp;La Carabibi&rsquo;Pils&nbsp;&raquo;\" \/>\n<meta property=\"og:url\" content=\"https:\/\/brasseriedesoignies.be\/index.php\/la-carabibipils-2\/\" \/>\n<meta property=\"og:site_name\" content=\"Brasserie de Soignies\" \/>\n<meta property=\"article:publisher\" content=\"https:\/\/www.facebook.com\/BrasseriedeSoignies\" \/>\n<meta property=\"article:modified_time\" content=\"2022-07-03T06:50:48+00:00\" \/>\n<meta property=\"og:image\" content=\"https:\/\/brasseriedesoignies.be\/wp-content\/uploads\/2022\/07\/rond-carabibi.png\" \/>\n<meta name=\"twitter:card\" content=\"summary_large_image\" \/>\n<meta name=\"twitter:label1\" content=\"Dur\u00e9e de lecture estim\u00e9e\" \/>\n\t<meta name=\"twitter:data1\" content=\"1 minute\" \/>\n<script type=\"application\/ld+json\" class=\"yoast-schema-graph\">{\"@context\":\"https:\/\/schema.org\",\"@graph\":[{\"@type\":\"Organization\",\"@id\":\"https:\/\/brasseriedesoignies.be\/#organization\",\"name\":\"Brasserie de Soignies\",\"url\":\"https:\/\/brasseriedesoignies.be\/\",\"sameAs\":[\"https:\/\/www.instagram.com\/brasserie_de_soignies\/\",\"https:\/\/www.facebook.com\/BrasseriedeSoignies\"],\"logo\":{\"@type\":\"ImageObject\",\"inLanguage\":\"fr-FR\",\"@id\":\"https:\/\/brasseriedesoignies.be\/#\/schema\/logo\/image\/\",\"url\":\"https:\/\/brasseriedesoignies.be\/wp-content\/uploads\/2022\/07\/logo-hoppy-scaled.jpg\",\"contentUrl\":\"https:\/\/brasseriedesoignies.be\/wp-content\/uploads\/2022\/07\/logo-hoppy-scaled.jpg\",\"width\":2560,\"height\":1811,\"caption\":\"Brasserie de Soignies\"},\"image\":{\"@id\":\"https:\/\/brasseriedesoignies.be\/#\/schema\/logo\/image\/\"}},{\"@type\":\"WebSite\",\"@id\":\"https:\/\/brasseriedesoignies.be\/#website\",\"url\":\"https:\/\/brasseriedesoignies.be\/\",\"name\":\"Brasserie de Soignies\",\"description\":\"Le projet brassicole de la Brasserie Hoppy pour mettre en avant le patrimoine historique et culturel de la ville ainsi que mettre \u00e0 l\u2019honneur ses artisans et producteurs locaux\",\"publisher\":{\"@id\":\"https:\/\/brasseriedesoignies.be\/#organization\"},\"potentialAction\":[{\"@type\":\"SearchAction\",\"target\":{\"@type\":\"EntryPoint\",\"urlTemplate\":\"https:\/\/brasseriedesoignies.be\/?s={search_term_string}\"},\"query-input\":\"required name=search_term_string\"}],\"inLanguage\":\"fr-FR\"},{\"@type\":\"ImageObject\",\"inLanguage\":\"fr-FR\",\"@id\":\"https:\/\/brasseriedesoignies.be\/index.php\/la-carabibipils-2\/#primaryimage\",\"url\":\"https:\/\/brasseriedesoignies.be\/wp-content\/uploads\/2022\/07\/rond-carabibi.png\",\"contentUrl\":\"https:\/\/brasseriedesoignies.be\/wp-content\/uploads\/2022\/07\/rond-carabibi.png\",\"width\":720,\"height\":720},{\"@type\":\"WebPage\",\"@id\":\"https:\/\/brasseriedesoignies.be\/index.php\/la-carabibipils-2\/\",\"url\":\"https:\/\/brasseriedesoignies.be\/index.php\/la-carabibipils-2\/\",\"name\":\"La Carabibi'Pils - Brasserie de Soignies\",\"isPartOf\":{\"@id\":\"https:\/\/brasseriedesoignies.be\/#website\"},\"primaryImageOfPage\":{\"@id\":\"https:\/\/brasseriedesoignies.be\/index.php\/la-carabibipils-2\/#primaryimage\"},\"datePublished\":\"2021-10-24T09:53:04+00:00\",\"dateModified\":\"2022-07-03T06:50:48+00:00\",\"breadcrumb\":{\"@id\":\"https:\/\/brasseriedesoignies.be\/index.php\/la-carabibipils-2\/#breadcrumb\"},\"inLanguage\":\"fr-FR\",\"potentialAction\":[{\"@type\":\"ReadAction\",\"target\":[\"https:\/\/brasseriedesoignies.be\/index.php\/la-carabibipils-2\/\"]}]},{\"@type\":\"BreadcrumbList\",\"@id\":\"https:\/\/brasseriedesoignies.be\/index.php\/la-carabibipils-2\/#breadcrumb\",\"itemListElement\":[{\"@type\":\"ListItem\",\"position\":1,\"name\":\"Accueil\",\"item\":\"https:\/\/brasseriedesoignies.be\/\"},{\"@type\":\"ListItem\",\"position\":2,\"name\":\"La Carabibi&rsquo;Pils\"}]}]}<\/script>\n<!-- \/ Yoast SEO plugin. -->","yoast_head_json":{"title":"La Carabibi'Pils - Brasserie de Soignies","robots":{"index":"index","follow":"follow","max-snippet":"max-snippet:-1","max-image-preview":"max-image-preview:large","max-video-preview":"max-video-preview:-1"},"canonical":"https:\/\/brasseriedesoignies.be\/index.php\/la-carabibipils-2\/","og_locale":"fr_FR","og_type":"article","og_title":"La Carabibi'Pils - Brasserie de Soignies","og_description":"La Carabibis&rsquo;Pils est une \u00ab\u00a0pils au caramel\u00a0\u00bb \u00e0 4,7% alc. confectionn\u00e9e avec des \u00abCarabibis\u00bb, ces succulentes babeluttes caram\u00e9lis\u00e9es typiques de Soignies. Cette bi\u00e8re de type lager (bi\u00e8re de fermentation basse) est douce et rafraichissante. La petite histoire Les \u00ab\u00a0Carabibis\u00a0\u00bb sont distribu\u00e9s \u00e0 la foule par le personnage de \u00ab\u00a0Mononk Simp\u00e9lourd\u00a0\u00bb lors de la f\u00eate traditionnelle &hellip; Continuer la lecture de &laquo;&nbsp;La Carabibi&rsquo;Pils&nbsp;&raquo;","og_url":"https:\/\/brasseriedesoignies.be\/index.php\/la-carabibipils-2\/","og_site_name":"Brasserie de Soignies","article_publisher":"https:\/\/www.facebook.com\/BrasseriedeSoignies","article_modified_time":"2022-07-03T06:50:48+00:00","og_image":[{"url":"https:\/\/brasseriedesoignies.be\/wp-content\/uploads\/2022\/07\/rond-carabibi.png"}],"twitter_card":"summary_large_image","twitter_misc":{"Dur\u00e9e de lecture estim\u00e9e":"1 minute"},"schema":{"@context":"https:\/\/schema.org","@graph":[{"@type":"Organization","@id":"https:\/\/brasseriedesoignies.be\/#organization","name":"Brasserie de Soignies","url":"https:\/\/brasseriedesoignies.be\/","sameAs":["https:\/\/www.instagram.com\/brasserie_de_soignies\/","https:\/\/www.facebook.com\/BrasseriedeSoignies"],"logo":{"@type":"ImageObject","inLanguage":"fr-FR","@id":"https:\/\/brasseriedesoignies.be\/#\/schema\/logo\/image\/","url":"https:\/\/brasseriedesoignies.be\/wp-content\/uploads\/2022\/07\/logo-hoppy-scaled.jpg","contentUrl":"https:\/\/brasseriedesoignies.be\/wp-content\/uploads\/2022\/07\/logo-hoppy-scaled.jpg","width":2560,"height":1811,"caption":"Brasserie de Soignies"},"image":{"@id":"https:\/\/brasseriedesoignies.be\/#\/schema\/logo\/image\/"}},{"@type":"WebSite","@id":"https:\/\/brasseriedesoignies.be\/#website","url":"https:\/\/brasseriedesoignies.be\/","name":"Brasserie de Soignies","description":"Le projet brassicole de la Brasserie Hoppy pour mettre en avant le patrimoine historique et culturel de la ville ainsi que mettre \u00e0 l\u2019honneur ses artisans et producteurs locaux","publisher":{"@id":"https:\/\/brasseriedesoignies.be\/#organization"},"potentialAction":[{"@type":"SearchAction","target":{"@type":"EntryPoint","urlTemplate":"https:\/\/brasseriedesoignies.be\/?s={search_term_string}"},"query-input":"required name=search_term_string"}],"inLanguage":"fr-FR"},{"@type":"ImageObject","inLanguage":"fr-FR","@id":"https:\/\/brasseriedesoignies.be\/index.php\/la-carabibipils-2\/#primaryimage","url":"https:\/\/brasseriedesoignies.be\/wp-content\/uploads\/2022\/07\/rond-carabibi.png","contentUrl":"https:\/\/brasseriedesoignies.be\/wp-content\/uploads\/2022\/07\/rond-carabibi.png","width":720,"height":720},{"@type":"WebPage","@id":"https:\/\/brasseriedesoignies.be\/index.php\/la-carabibipils-2\/","url":"https:\/\/brasseriedesoignies.be\/index.php\/la-carabibipils-2\/","name":"La Carabibi'Pils - Brasserie de Soignies","isPartOf":{"@id":"https:\/\/brasseriedesoignies.be\/#website"},"primaryImageOfPage":{"@id":"https:\/\/brasseriedesoignies.be\/index.php\/la-carabibipils-2\/#primaryimage"},"datePublished":"2021-10-24T09:53:04+00:00","dateModified":"2022-07-03T06:50:48+00:00","breadcrumb":{"@id":"https:\/\/brasseriedesoignies.be\/index.php\/la-carabibipils-2\/#breadcrumb"},"inLanguage":"fr-FR","potentialAction":[{"@type":"ReadAction","target":["https:\/\/brasseriedesoignies.be\/index.php\/la-carabibipils-2\/"]}]},{"@type":"BreadcrumbList","@id":"https:\/\/brasseriedesoignies.be\/index.php\/la-carabibipils-2\/#breadcrumb","itemListElement":[{"@type":"ListItem","position":1,"name":"Accueil","item":"https:\/\/brasseriedesoignies.be\/"},{"@type":"ListItem","position":2,"name":"La Carabibi&rsquo;Pils"}]}]}},"_links":{"self":[{"href":"https:\/\/brasseriedesoignies.be\/index.php\/wp-json\/wp\/v2\/pages\/87"}],"collection":[{"href":"https:\/\/brasseriedesoignies.be\/index.php\/wp-json\/wp\/v2\/pages"}],"about":[{"href":"https:\/\/brasseriedesoignies.be\/index.php\/wp-json\/wp\/v2\/types\/page"}],"author":[{"embeddable":true,"href":"https:\/\/brasseriedesoignies.be\/index.php\/wp-json\/wp\/v2\/users\/1"}],"replies":[{"embeddable":true,"href":"https:\/\/brasseriedesoignies.be\/index.php\/wp-json\/wp\/v2\/comments?post=87"}],"version-history":[{"count":4,"href":"https:\/\/brasseriedesoignies.be\/index.php\/wp-json\/wp\/v2\/pages\/87\/revisions"}],"predecessor-version":[{"id":117,"href":"https:\/\/brasseriedesoignies.be\/index.php\/wp-json\/wp\/v2\/pages\/87\/revisions\/117"}],"wp:attachment":[{"href":"https:\/\/brasseriedesoignies.be\/index.php\/wp-json\/wp\/v2\/media?parent=87"}],"curies":[{"name":"wp","href":"https:\/\/api.w.org\/{rel}","templated":true}]}}