{"id":2,"date":"2021-10-09T10:20:15","date_gmt":"2021-10-09T08:20:15","guid":{"rendered":"http:\/\/wddtshv.cluster031.hosting.ovh.net\/?page_id=2"},"modified":"2022-07-03T09:02:05","modified_gmt":"2022-07-03T07:02:05","slug":"page-d-exemple","status":"publish","type":"page","link":"https:\/\/brasseriedesoignies.be\/","title":{"rendered":"Brasserie Hoppy &#8211; Brasserie de Soignies"},"content":{"rendered":"\n<p>Bienvenue sur notre page \u00ab\u00a0<strong>Brasserie Hoppy &#8211; Brasserie de Soignies<\/strong>\u00a0\u00bb d\u00e9di\u00e9e \u00e0 nos bi\u00e8res d\u00e9velopp\u00e9es pour mettre en avant le patrimoine historique et culturel de la ville ainsi que mettre \u00e0 l\u2019honneur ses artisans et producteurs locaux. <\/p>\n\n\n\n<p>La <a href=\"https:\/\/brasseriehoppy.be\/\">Brasserie Hoppy<\/a> a \u00e9t\u00e9 cr\u00e9\u00e9e \u00e0 Soignies en 2015 et depuis longtemps il nous tenait \u00e0 c\u0153ur de proposer un concept r\u00e9fl\u00e9chi et m\u00fbri autour de notre amour du patrimoine son\u00e9gien. Notre gamme de bi\u00e8re \u00ab\u00a0Brasserie Hoppy &#8211; Brasserie de Soignies\u00a0\u00bb  s\u2019articule autour de 3 nouvelles bi\u00e8res originales,  d\u00e9velopp\u00e9es autour de 3 th\u00e8mes. <\/p>\n\n\n\n<p>La premi\u00e8re, la <a href=\"https:\/\/brasseriedesoignies.be\/index.php\/la-carabibipils-2\/\"><strong>Carabibi&rsquo;Pils<\/strong> <\/a>met la <strong>Simpelourd <\/strong>et son folklore \u00e0 l\u2019honneur car elle est confectionn\u00e9e avec des \u00abCarabibis\u00bb,  babeluttes caram\u00e9lis\u00e9es distribu\u00e9es lors de la Simp\u00e9lourd.<\/p>\n\n\n\n<p>La seconde bi\u00e8re , la <strong><a href=\"https:\/\/brasseriedesoignies.be\/index.php\/la-biere-bleue-de-soignies\/\">Bi\u00e8re Bleue de Soignies<\/a><\/strong>, met en avant le patrimoine carrier de Soignies et sa renomm\u00e9e <strong>Pierre Bleue<\/strong> ! La Bi\u00e8re Bleue est brass\u00e9e avec de la Pierre Bleue des carri\u00e8res de Soignies conf\u00e9rant une subtile touche min\u00e9rale \u00e0 la bi\u00e8re.<\/p>\n\n\n\n<p>La derni\u00e8re bi\u00e8re, la <strong><a href=\"https:\/\/brasseriedesoignies.be\/index.php\/la-pintecote\/\">Pintec\u00f4te<\/a><\/strong>,  est ax\u00e9e sur un des \u00e9v\u00e9nements les plus importants de la vie des Son\u00e9giens : la <strong>Pentec\u00f4te<\/strong>.  C&rsquo;est une bi\u00e8re blonde brass\u00e9e avec des fleurs de sureau \u00e9voquant le parcours du Tour Saint-Vincent qui a lieu le lundi de Pentec\u00f4te<\/p>\n\n\n\n<p>Ces bi\u00e8res sont exclusivement brass\u00e9es dans notre <a href=\"https:\/\/brasseriehoppy.be\/\">Brasserie Hoppy<\/a> \u00e0 Soignies mais aussi exclusivement distribu\u00e9es par nos partenaires locaux afin de soutenir les commer\u00e7ants locaux. <\/p>\n\n\n\n<p><\/p>\n","protected":false},"excerpt":{"rendered":"<p>Bienvenue sur notre page \u00ab\u00a0Brasserie Hoppy &#8211; Brasserie de Soignies\u00a0\u00bb d\u00e9di\u00e9e \u00e0 nos bi\u00e8res d\u00e9velopp\u00e9es pour mettre en avant le patrimoine historique et culturel de la ville ainsi que mettre \u00e0 l\u2019honneur ses artisans et producteurs locaux. La Brasserie Hoppy a \u00e9t\u00e9 cr\u00e9\u00e9e \u00e0 Soignies en 2015 et depuis longtemps il nous tenait \u00e0 c\u0153ur &hellip; <\/p>\n<p class=\"link-more\"><a href=\"https:\/\/brasseriedesoignies.be\/\" class=\"more-link\">Continuer la lecture<span class=\"screen-reader-text\"> de &laquo;&nbsp;Brasserie Hoppy &#8211; Brasserie de Soignies&nbsp;&raquo;<\/span><\/a><\/p>\n","protected":false},"author":1,"featured_media":23,"parent":0,"menu_order":0,"comment_status":"closed","ping_status":"open","template":"","meta":[],"yoast_head":"<!-- This site is optimized with the Yoast SEO plugin v19.3 - https:\/\/yoast.com\/wordpress\/plugins\/seo\/ -->\n<title>Brasserie Hoppy - Brasserie de Soignies - Brasserie de Soignies<\/title>\n<meta name=\"robots\" content=\"index, follow, max-snippet:-1, max-image-preview:large, max-video-preview:-1\" \/>\n<link rel=\"canonical\" href=\"https:\/\/brasseriedesoignies.be\/\" \/>\n<meta property=\"og:locale\" content=\"fr_FR\" \/>\n<meta property=\"og:type\" content=\"article\" \/>\n<meta property=\"og:title\" content=\"Brasserie Hoppy - Brasserie de Soignies - Brasserie de Soignies\" \/>\n<meta property=\"og:description\" content=\"Bienvenue sur notre page \u00ab\u00a0Brasserie Hoppy &#8211; Brasserie de Soignies\u00a0\u00bb d\u00e9di\u00e9e \u00e0 nos bi\u00e8res d\u00e9velopp\u00e9es pour mettre en avant le patrimoine historique et culturel de la ville ainsi que mettre \u00e0 l\u2019honneur ses artisans et producteurs locaux. La Brasserie Hoppy a \u00e9t\u00e9 cr\u00e9\u00e9e \u00e0 Soignies en 2015 et depuis longtemps il nous tenait \u00e0 c\u0153ur &hellip; Continuer la lecture de &laquo;&nbsp;Brasserie Hoppy &#8211; Brasserie de Soignies&nbsp;&raquo;\" \/>\n<meta property=\"og:url\" content=\"https:\/\/brasseriedesoignies.be\/\" \/>\n<meta property=\"og:site_name\" content=\"Brasserie de Soignies\" \/>\n<meta property=\"article:publisher\" content=\"https:\/\/www.facebook.com\/BrasseriedeSoignies\" \/>\n<meta property=\"article:modified_time\" content=\"2022-07-03T07:02:05+00:00\" \/>\n<meta property=\"og:image\" content=\"https:\/\/brasseriedesoignies.be\/wp-content\/uploads\/2021\/10\/01-logo-hoppy-1024x723.jpg\" \/>\n\t<meta property=\"og:image:width\" content=\"1024\" \/>\n\t<meta property=\"og:image:height\" content=\"723\" \/>\n\t<meta property=\"og:image:type\" content=\"image\/jpeg\" \/>\n<meta name=\"twitter:card\" content=\"summary_large_image\" \/>\n<meta name=\"twitter:label1\" content=\"Dur\u00e9e de lecture estim\u00e9e\" \/>\n\t<meta name=\"twitter:data1\" content=\"1 minute\" \/>\n<script type=\"application\/ld+json\" class=\"yoast-schema-graph\">{\"@context\":\"https:\/\/schema.org\",\"@graph\":[{\"@type\":\"Organization\",\"@id\":\"https:\/\/brasseriedesoignies.be\/#organization\",\"name\":\"Brasserie de Soignies\",\"url\":\"https:\/\/brasseriedesoignies.be\/\",\"sameAs\":[\"https:\/\/www.instagram.com\/brasserie_de_soignies\/\",\"https:\/\/www.facebook.com\/BrasseriedeSoignies\"],\"logo\":{\"@type\":\"ImageObject\",\"inLanguage\":\"fr-FR\",\"@id\":\"https:\/\/brasseriedesoignies.be\/#\/schema\/logo\/image\/\",\"url\":\"https:\/\/brasseriedesoignies.be\/wp-content\/uploads\/2022\/07\/logo-hoppy-scaled.jpg\",\"contentUrl\":\"https:\/\/brasseriedesoignies.be\/wp-content\/uploads\/2022\/07\/logo-hoppy-scaled.jpg\",\"width\":2560,\"height\":1811,\"caption\":\"Brasserie de Soignies\"},\"image\":{\"@id\":\"https:\/\/brasseriedesoignies.be\/#\/schema\/logo\/image\/\"}},{\"@type\":\"WebSite\",\"@id\":\"https:\/\/brasseriedesoignies.be\/#website\",\"url\":\"https:\/\/brasseriedesoignies.be\/\",\"name\":\"Brasserie de Soignies\",\"description\":\"Le projet brassicole de la Brasserie Hoppy pour mettre en avant le patrimoine historique et culturel de la ville ainsi que mettre \u00e0 l\u2019honneur ses artisans et producteurs locaux\",\"publisher\":{\"@id\":\"https:\/\/brasseriedesoignies.be\/#organization\"},\"potentialAction\":[{\"@type\":\"SearchAction\",\"target\":{\"@type\":\"EntryPoint\",\"urlTemplate\":\"https:\/\/brasseriedesoignies.be\/?s={search_term_string}\"},\"query-input\":\"required name=search_term_string\"}],\"inLanguage\":\"fr-FR\"},{\"@type\":\"ImageObject\",\"inLanguage\":\"fr-FR\",\"@id\":\"https:\/\/brasseriedesoignies.be\/#primaryimage\",\"url\":\"https:\/\/brasseriedesoignies.be\/wp-content\/uploads\/2021\/10\/01-logo-hoppy-scaled.jpg\",\"contentUrl\":\"https:\/\/brasseriedesoignies.be\/wp-content\/uploads\/2021\/10\/01-logo-hoppy-scaled.jpg\",\"width\":2560,\"height\":1807},{\"@type\":\"WebPage\",\"@id\":\"https:\/\/brasseriedesoignies.be\/\",\"url\":\"https:\/\/brasseriedesoignies.be\/\",\"name\":\"Brasserie Hoppy - Brasserie de Soignies - Brasserie de Soignies\",\"isPartOf\":{\"@id\":\"https:\/\/brasseriedesoignies.be\/#website\"},\"primaryImageOfPage\":{\"@id\":\"https:\/\/brasseriedesoignies.be\/#primaryimage\"},\"datePublished\":\"2021-10-09T08:20:15+00:00\",\"dateModified\":\"2022-07-03T07:02:05+00:00\",\"breadcrumb\":{\"@id\":\"https:\/\/brasseriedesoignies.be\/#breadcrumb\"},\"inLanguage\":\"fr-FR\",\"potentialAction\":[{\"@type\":\"ReadAction\",\"target\":[\"https:\/\/brasseriedesoignies.be\/\"]}]},{\"@type\":\"BreadcrumbList\",\"@id\":\"https:\/\/brasseriedesoignies.be\/#breadcrumb\",\"itemListElement\":[{\"@type\":\"ListItem\",\"position\":1,\"name\":\"Accueil\",\"item\":\"https:\/\/brasseriedesoignies.be\/\"},{\"@type\":\"ListItem\",\"position\":2,\"name\":\"Brasserie Hoppy &#8211; Brasserie de Soignies\"}]}]}<\/script>\n<!-- \/ Yoast SEO plugin. -->","yoast_head_json":{"title":"Brasserie Hoppy - Brasserie de Soignies - Brasserie de Soignies","robots":{"index":"index","follow":"follow","max-snippet":"max-snippet:-1","max-image-preview":"max-image-preview:large","max-video-preview":"max-video-preview:-1"},"canonical":"https:\/\/brasseriedesoignies.be\/","og_locale":"fr_FR","og_type":"article","og_title":"Brasserie Hoppy - Brasserie de Soignies - Brasserie de Soignies","og_description":"Bienvenue sur notre page \u00ab\u00a0Brasserie Hoppy &#8211; Brasserie de Soignies\u00a0\u00bb d\u00e9di\u00e9e \u00e0 nos bi\u00e8res d\u00e9velopp\u00e9es pour mettre en avant le patrimoine historique et culturel de la ville ainsi que mettre \u00e0 l\u2019honneur ses artisans et producteurs locaux. La Brasserie Hoppy a \u00e9t\u00e9 cr\u00e9\u00e9e \u00e0 Soignies en 2015 et depuis longtemps il nous tenait \u00e0 c\u0153ur &hellip; Continuer la lecture de &laquo;&nbsp;Brasserie Hoppy &#8211; Brasserie de Soignies&nbsp;&raquo;","og_url":"https:\/\/brasseriedesoignies.be\/","og_site_name":"Brasserie de Soignies","article_publisher":"https:\/\/www.facebook.com\/BrasseriedeSoignies","article_modified_time":"2022-07-03T07:02:05+00:00","og_image":[{"width":1024,"height":723,"url":"https:\/\/brasseriedesoignies.be\/wp-content\/uploads\/2021\/10\/01-logo-hoppy-1024x723.jpg","type":"image\/jpeg"}],"twitter_card":"summary_large_image","twitter_misc":{"Dur\u00e9e de lecture estim\u00e9e":"1 minute"},"schema":{"@context":"https:\/\/schema.org","@graph":[{"@type":"Organization","@id":"https:\/\/brasseriedesoignies.be\/#organization","name":"Brasserie de Soignies","url":"https:\/\/brasseriedesoignies.be\/","sameAs":["https:\/\/www.instagram.com\/brasserie_de_soignies\/","https:\/\/www.facebook.com\/BrasseriedeSoignies"],"logo":{"@type":"ImageObject","inLanguage":"fr-FR","@id":"https:\/\/brasseriedesoignies.be\/#\/schema\/logo\/image\/","url":"https:\/\/brasseriedesoignies.be\/wp-content\/uploads\/2022\/07\/logo-hoppy-scaled.jpg","contentUrl":"https:\/\/brasseriedesoignies.be\/wp-content\/uploads\/2022\/07\/logo-hoppy-scaled.jpg","width":2560,"height":1811,"caption":"Brasserie de Soignies"},"image":{"@id":"https:\/\/brasseriedesoignies.be\/#\/schema\/logo\/image\/"}},{"@type":"WebSite","@id":"https:\/\/brasseriedesoignies.be\/#website","url":"https:\/\/brasseriedesoignies.be\/","name":"Brasserie de Soignies","description":"Le projet brassicole de la Brasserie Hoppy pour mettre en avant le patrimoine historique et culturel de la ville ainsi que mettre \u00e0 l\u2019honneur ses artisans et producteurs locaux","publisher":{"@id":"https:\/\/brasseriedesoignies.be\/#organization"},"potentialAction":[{"@type":"SearchAction","target":{"@type":"EntryPoint","urlTemplate":"https:\/\/brasseriedesoignies.be\/?s={search_term_string}"},"query-input":"required name=search_term_string"}],"inLanguage":"fr-FR"},{"@type":"ImageObject","inLanguage":"fr-FR","@id":"https:\/\/brasseriedesoignies.be\/#primaryimage","url":"https:\/\/brasseriedesoignies.be\/wp-content\/uploads\/2021\/10\/01-logo-hoppy-scaled.jpg","contentUrl":"https:\/\/brasseriedesoignies.be\/wp-content\/uploads\/2021\/10\/01-logo-hoppy-scaled.jpg","width":2560,"height":1807},{"@type":"WebPage","@id":"https:\/\/brasseriedesoignies.be\/","url":"https:\/\/brasseriedesoignies.be\/","name":"Brasserie Hoppy - Brasserie de Soignies - Brasserie de Soignies","isPartOf":{"@id":"https:\/\/brasseriedesoignies.be\/#website"},"primaryImageOfPage":{"@id":"https:\/\/brasseriedesoignies.be\/#primaryimage"},"datePublished":"2021-10-09T08:20:15+00:00","dateModified":"2022-07-03T07:02:05+00:00","breadcrumb":{"@id":"https:\/\/brasseriedesoignies.be\/#breadcrumb"},"inLanguage":"fr-FR","potentialAction":[{"@type":"ReadAction","target":["https:\/\/brasseriedesoignies.be\/"]}]},{"@type":"BreadcrumbList","@id":"https:\/\/brasseriedesoignies.be\/#breadcrumb","itemListElement":[{"@type":"ListItem","position":1,"name":"Accueil","item":"https:\/\/brasseriedesoignies.be\/"},{"@type":"ListItem","position":2,"name":"Brasserie Hoppy &#8211; Brasserie de Soignies"}]}]}},"_links":{"self":[{"href":"https:\/\/brasseriedesoignies.be\/index.php\/wp-json\/wp\/v2\/pages\/2"}],"collection":[{"href":"https:\/\/brasseriedesoignies.be\/index.php\/wp-json\/wp\/v2\/pages"}],"about":[{"href":"https:\/\/brasseriedesoignies.be\/index.php\/wp-json\/wp\/v2\/types\/page"}],"author":[{"embeddable":true,"href":"https:\/\/brasseriedesoignies.be\/index.php\/wp-json\/wp\/v2\/users\/1"}],"replies":[{"embeddable":true,"href":"https:\/\/brasseriedesoignies.be\/index.php\/wp-json\/wp\/v2\/comments?post=2"}],"version-history":[{"count":14,"href":"https:\/\/brasseriedesoignies.be\/index.php\/wp-json\/wp\/v2\/pages\/2\/revisions"}],"predecessor-version":[{"id":128,"href":"https:\/\/brasseriedesoignies.be\/index.php\/wp-json\/wp\/v2\/pages\/2\/revisions\/128"}],"wp:featuredmedia":[{"embeddable":true,"href":"https:\/\/brasseriedesoignies.be\/index.php\/wp-json\/wp\/v2\/media\/23"}],"wp:attachment":[{"href":"https:\/\/brasseriedesoignies.be\/index.php\/wp-json\/wp\/v2\/media?parent=2"}],"curies":[{"name":"wp","href":"https:\/\/api.w.org\/{rel}","templated":true}]}}